{"id":3830,"date":"2021-08-30T16:07:41","date_gmt":"2021-08-30T14:07:41","guid":{"rendered":"https:\/\/cuneoairport.com\/nuovosito\/informations-sur-les-bagages\/"},"modified":"2023-10-25T12:39:04","modified_gmt":"2023-10-25T10:39:04","slug":"informations-sur-les-bagages","status":"publish","type":"page","link":"https:\/\/cuneoairport.com\/fr\/informations-sur-les-bagages\/","title":{"rendered":"Informations sur les bagages"},"content":{"rendered":"<p>          [et_pb_section fb_built=\u00a0\u00bb1&Prime; _builder_version=\u00a0\u00bb4.9.10&Prime; _module_preset=\u00a0\u00bbdefault\u00a0\u00bb custom_padding=\u00a0\u00bb3px||6px|||\u00a0\u00bb global_colors_info=\u00a0\u00bb{}\u00a0\u00bb]<br \/>\n            [et_pb_row _builder_version=\u00a0\u00bb4.9.10&Prime; _module_preset=\u00a0\u00bbdefault\u00a0\u00bb width=\u00a0\u00bb90%\u00a0\u00bb custom_padding=\u00a0\u00bb||0px|||\u00a0\u00bb global_colors_info=\u00a0\u00bb{}\u00a0\u00bb]<br \/>\n              [et_pb_column type=\u00a0\u00bb4_4&Prime; _builder_version=\u00a0\u00bb4.9.10&Prime; _module_preset=\u00a0\u00bbdefault\u00a0\u00bb global_colors_info=\u00a0\u00bb{}\u00a0\u00bb][\/et_pb_column]<br \/>\n            [\/et_pb_row]<br \/>\n          [\/et_pb_section]<br \/>\n          [et_pb_section fb_built=\u00a0\u00bb1&Prime; _builder_version=\u00a0\u00bb4.9.10&Prime; _module_preset=\u00a0\u00bbdefault\u00a0\u00bb custom_margin=\u00a0\u00bb-79px||||false|false\u00a0\u00bb custom_padding=\u00a0\u00bb||27px||false|false\u00a0\u00bb global_colors_info=\u00a0\u00bb{}\u00a0\u00bb]<br \/>\n            [et_pb_row column_structure=\u00a0\u00bb1_2,1_2&Prime; use_custom_gutter=\u00a0\u00bbon\u00a0\u00bb gutter_width=\u00a0\u00bb2&Prime; _builder_version=\u00a0\u00bb4.9.10&Prime; _module_preset=\u00a0\u00bbdefault\u00a0\u00bb width=\u00a0\u00bb90%\u00a0\u00bb custom_margin=\u00a0\u00bb16px|auto||auto||\u00a0\u00bb custom_padding=\u00a0\u00bb18px||3px|||\u00a0\u00bb global_colors_info=\u00a0\u00bb{}\u00a0\u00bb]<br \/>\n              [et_pb_column type=\u00a0\u00bb1_2&Prime; _builder_version=\u00a0\u00bb4.9.10&Prime; _module_preset=\u00a0\u00bbdefault\u00a0\u00bb custom_padding=\u00a0\u00bb|30px|||false|false\u00a0\u00bb border_width_right=\u00a0\u00bb1px\u00a0\u00bb border_color_right=\u00a0\u00bb#000000&Prime; border_style_right=\u00a0\u00bbdashed\u00a0\u00bb global_colors_info=\u00a0\u00bb{}\u00a0\u00bb]<br \/>\n                [et_pb_text _builder_version=\u00a0\u00bb4.9.10&Prime; _module_preset=\u00a0\u00bbdefault\u00a0\u00bb header_2_font=\u00a0\u00bbArchivo|||on|||||\u00a0\u00bb header_2_font_size=\u00a0\u00bb13px\u00a0\u00bb header_2_letter_spacing=\u00a0\u00bb10px\u00a0\u00bb custom_margin=\u00a0\u00bb2px||5px|||\u00a0\u00bb custom_margin_tablet=\u00a0\u00bb\u00a0\u00bb custom_margin_phone=\u00a0\u00bb0px||5px||false|false\u00a0\u00bb custom_margin_last_edited=\u00a0\u00bbon|phone\u00a0\u00bb global_colors_info=\u00a0\u00bb{}\u00a0\u00bb]<\/p>\n<h2>informations <\/h2>\n<p>                [\/et_pb_text]<br \/>\n                [et_pb_text _builder_version=\u00a0\u00bb4.9.10&Prime; _module_preset=\u00a0\u00bbdefault\u00a0\u00bb header_font=\u00a0\u00bbAbel||||||||\u00a0\u00bb header_text_color=\u00a0\u00bb#3b444f\u00a0\u00bb header_2_font=\u00a0\u00bbPoppins|800|||||||\u00a0\u00bb header_2_text_align=\u00a0\u00bbleft\u00a0\u00bb header_2_text_color=\u00a0\u00bb#173eb2&Prime; header_2_font_size=\u00a0\u00bb37px\u00a0\u00bb custom_margin=\u00a0\u00bb||10px||false|false\u00a0\u00bb global_colors_info=\u00a0\u00bb{}\u00a0\u00bb]<\/p>\n<h2>Bagage<\/h2>\n<p>                [\/et_pb_text]<br \/>\n                [et_pb_text _builder_version=\u00a0\u00bb4.14.3&Prime; _module_preset=\u00a0\u00bbdefault\u00a0\u00bb text_font=\u00a0\u00bbBarlow|300|||||||\u00a0\u00bb text_text_color=\u00a0\u00bb#000000&Prime; text_font_size=\u00a0\u00bb16px\u00a0\u00bb custom_margin=\u00a0\u00bb||-3px|||\u00a0\u00bb hover_enabled=\u00a0\u00bb0&Prime; global_colors_info=\u00a0\u00bb{}\u00a0\u00bb sticky_enabled=\u00a0\u00bb0&Prime;]<\/p>\n<p>V\u00e9rifiez les restrictions de bagages sur le site de la compagnie a\u00e9rienne avec laquelle vous voyagez pour \u00e9viter les impr\u00e9vus d\u00e9sagr\u00e9ables, les indications varient d&rsquo;une compagnie \u00e0 l&rsquo;autre.<\/p>\n<p>informations sur les bagages avec <strong>Air Arabia<\/strong> :<br \/><a href=\"https:\/\/www.airarabia.com\/it\/baggage\" target=\"_blank\" rel=\"noopener\">cliquez ici<\/a><\/p>\n<p>informations sur les bagages avec <strong>Ryanair<\/strong> :<br \/><a href=\"https:\/\/help.ryanair.com\/hc\/it\/articles\/360017824658-Politica-Ryanair-sui-Bagagli\" target=\"_blank\" rel=\"noopener\">cliquez ici<\/a><\/p>\n<p>des informations sur les bagages avec <strong>SkyAlps<\/strong>:<br \/><a href=\"https:\/\/www.skyalps.com\/it\/pianifica-il-viaggio\/franchigia-bagaglio-e-tariffe\" target=\"_blank\" rel=\"noopener\">cliquez ici<\/a><\/p>\n<p>                [\/et_pb_text]<br \/>\n              [\/et_pb_column]<br \/>\n              [et_pb_column type=\u00a0\u00bb1_2&Prime; _builder_version=\u00a0\u00bb4.9.9&Prime; _module_preset=\u00a0\u00bbdefault\u00a0\u00bb global_colors_info=\u00a0\u00bb{}\u00a0\u00bb]<br \/>\n                [et_pb_image src=\u00a0\u00bbhttps:\/\/cuneoairport.com\/wp-content\/uploads\/2021\/07\/Raggruppa-95.png\u00a0\u00bb title_text=\u00a0\u00bbRaggruppa 95&Prime; align=\u00a0\u00bbcenter\u00a0\u00bb _builder_version=\u00a0\u00bb4.14.3&Prime; _module_preset=\u00a0\u00bbdefault\u00a0\u00bb border_radii=\u00a0\u00bbon|6px|6px|6px|6px\u00a0\u00bb global_colors_info=\u00a0\u00bb{}\u00a0\u00bb][\/et_pb_image]<br \/>\n              [\/et_pb_column]<br \/>\n            [\/et_pb_row]<br \/>\n          [\/et_pb_section]<\/p>\n","protected":false},"excerpt":{"rendered":"<p>informations Bagage V\u00e9rifiez les restrictions de bagages sur le site de la compagnie a\u00e9rienne avec laquelle vous voyagez pour \u00e9viter les impr\u00e9vus d\u00e9sagr\u00e9ables, les indications varient d&rsquo;une compagnie \u00e0 l&rsquo;autre. informations sur les bagages avec Air Arabia :cliquez ici informations sur les bagages avec Ryanair :cliquez ici des informations sur les bagages avec SkyAlps:cliquez ici<\/p>\n","protected":false},"author":3,"featured_media":0,"parent":0,"menu_order":0,"comment_status":"closed","ping_status":"closed","template":"","meta":{"_acf_changed":false,"_et_pb_use_builder":"on","_et_pb_old_content":"","_et_gb_content_width":"","footnotes":""},"class_list":["post-3830","page","type-page","status-publish","hentry"],"acf":[],"_links":{"self":[{"href":"https:\/\/cuneoairport.com\/fr\/wp-json\/wp\/v2\/pages\/3830","targetHints":{"allow":["GET"]}}],"collection":[{"href":"https:\/\/cuneoairport.com\/fr\/wp-json\/wp\/v2\/pages"}],"about":[{"href":"https:\/\/cuneoairport.com\/fr\/wp-json\/wp\/v2\/types\/page"}],"author":[{"embeddable":true,"href":"https:\/\/cuneoairport.com\/fr\/wp-json\/wp\/v2\/users\/3"}],"replies":[{"embeddable":true,"href":"https:\/\/cuneoairport.com\/fr\/wp-json\/wp\/v2\/comments?post=3830"}],"version-history":[{"count":2,"href":"https:\/\/cuneoairport.com\/fr\/wp-json\/wp\/v2\/pages\/3830\/revisions"}],"predecessor-version":[{"id":15427,"href":"https:\/\/cuneoairport.com\/fr\/wp-json\/wp\/v2\/pages\/3830\/revisions\/15427"}],"wp:attachment":[{"href":"https:\/\/cuneoairport.com\/fr\/wp-json\/wp\/v2\/media?parent=3830"}],"curies":[{"name":"wp","href":"https:\/\/api.w.org\/{rel}","templated":true}]}}

<p>          [et_pb_section fb_built= »1&Prime; _builder_version= »4.9.10&Prime; _module_preset= »default » custom_padding= »3px||6px||| » global_colors_info= »{} »]<br />
            [et_pb_row _builder_version= »4.9.10&Prime; _module_preset= »default » width= »90% » custom_padding= »||0px||| » global_colors_info= »{} »]<br />
              [et_pb_column type= »4_4&Prime; _builder_version= »4.9.10&Prime; _module_preset= »default » global_colors_info= »{} »][/et_pb_column]<br />
            [/et_pb_row]<br />
          [/et_pb_section]<br />
          [et_pb_section fb_built= »1&Prime; _builder_version= »4.9.10&Prime; _module_preset= »default » custom_margin= »-79px||||false|false » custom_padding= »||27px||false|false » global_colors_info= »{} »]<br />
            [et_pb_row column_structure= »1_2,1_2&Prime; use_custom_gutter= »on » gutter_width= »2&Prime; _builder_version= »4.9.10&Prime; _module_preset= »default » width= »90% » custom_margin= »16px|auto||auto|| » custom_padding= »18px||3px||| » global_colors_info= »{} »]<br />
              [et_pb_column type= »1_2&Prime; _builder_version= »4.9.10&Prime; _module_preset= »default » custom_padding= »|30px|||false|false » border_width_right= »1px » border_color_right= »#000000&Prime; border_style_right= »dashed » global_colors_info= »{} »]<br />
                [et_pb_text _builder_version= »4.9.10&Prime; _module_preset= »default » header_2_font= »Archivo|||on||||| » header_2_font_size= »13px » header_2_letter_spacing= »10px » custom_margin= »2px||5px||| » custom_margin_tablet= » » custom_margin_phone= »0px||5px||false|false » custom_margin_last_edited= »on|phone » global_colors_info= »{} »]</p>
<h2>informations </h2>
<p>                [/et_pb_text]<br />
                [et_pb_text _builder_version= »4.9.10&Prime; _module_preset= »default » header_font= »Abel|||||||| » header_text_color= »#3b444f » header_2_font= »Poppins|800||||||| » header_2_text_align= »left » header_2_text_color= »#173eb2&Prime; header_2_font_size= »37px » custom_margin= »||10px||false|false » global_colors_info= »{} »]</p>
<h2>Bagage</h2>
<p>                [/et_pb_text]<br />
                [et_pb_text _builder_version= »4.14.3&Prime; _module_preset= »default » text_font= »Barlow|300||||||| » text_text_color= »#000000&Prime; text_font_size= »16px » custom_margin= »||-3px||| » hover_enabled= »0&Prime; global_colors_info= »{} » sticky_enabled= »0&Prime;]</p>
<p>Vérifiez les restrictions de bagages sur le site de la compagnie aérienne avec laquelle vous voyagez pour éviter les imprévus désagréables, les indications varient d&rsquo;une compagnie à l&rsquo;autre.</p>
<p>informations sur les bagages avec <strong>Air Arabia</strong> :<br /><a href="https://www.airarabia.com/it/baggage" target="_blank" rel="noopener">cliquez ici</a></p>
<p>informations sur les bagages avec <strong>Ryanair</strong> :<br /><a href="https://help.ryanair.com/hc/it/articles/360017824658-Politica-Ryanair-sui-Bagagli" target="_blank" rel="noopener">cliquez ici</a></p>
<p>des informations sur les bagages avec <strong>SkyAlps</strong>:<br /><a href="https://www.skyalps.com/it/pianifica-il-viaggio/franchigia-bagaglio-e-tariffe" target="_blank" rel="noopener">cliquez ici</a></p>
<p>                [/et_pb_text]<br />
              [/et_pb_column]<br />
              [et_pb_column type= »1_2&Prime; _builder_version= »4.9.9&Prime; _module_preset= »default » global_colors_info= »{} »]<br />
                [et_pb_image src= »https://cuneoairport.com/wp-content/uploads/2021/07/Raggruppa-95.png » title_text= »Raggruppa 95&Prime; align= »center » _builder_version= »4.14.3&Prime; _module_preset= »default » border_radii= »on|6px|6px|6px|6px » global_colors_info= »{} »][/et_pb_image]<br />
              [/et_pb_column]<br />
            [/et_pb_row]<br />
          [/et_pb_section]</p>

<p>informations Bagage Vérifiez les restrictions de bagages sur le site de la compagnie aérienne avec laquelle vous voyagez pour éviter les imprévus désagréables, les indications varient d&rsquo;une compagnie à l&rsquo;autre. informations sur les bagages avec Air Arabia :cliquez ici informations sur les bagages avec Ryanair :cliquez ici des informations sur les bagages avec SkyAlps:cliquez ici</p>
