{"id":16333,"date":"2024-06-20T16:42:01","date_gmt":"2024-06-20T14:42:01","guid":{"rendered":"https:\/\/cuneoairport.com\/politique-de-cybersecurite\/"},"modified":"2024-06-20T16:42:01","modified_gmt":"2024-06-20T14:42:01","slug":"politique-de-cybersecurite","status":"publish","type":"page","link":"https:\/\/cuneoairport.com\/fr\/politique-de-cybersecurite\/","title":{"rendered":"Politique de cybers\u00e9curit\u00e9"},"content":{"rendered":"\n          [et_pb_section fb_built=\u00a0\u00bb1&Prime; _builder_version=\u00a0\u00bb3.22&Prime; global_colors_info=\u00a0\u00bb{}\u00a0\u00bb]\n            [et_pb_row _builder_version=\u00a0\u00bb3.25&Prime; background_size=\u00a0\u00bbinitial\u00a0\u00bb background_position=\u00a0\u00bbtop_left\u00a0\u00bb background_repeat=\u00a0\u00bbrepeat\u00a0\u00bb custom_padding=\u00a0\u00bb8px|||||\u00a0\u00bb global_colors_info=\u00a0\u00bb{}\u00a0\u00bb]\n              [et_pb_column type=\u00a0\u00bb4_4&Prime; _builder_version=\u00a0\u00bb3.25&Prime; custom_padding=\u00a0\u00bb|||\u00a0\u00bb global_colors_info=\u00a0\u00bb{}\u00a0\u00bb custom_padding__hover=\u00a0\u00bb|||\u00a0\u00bb]\n                [et_pb_text _builder_version=\u00a0\u00bb4.14.3&Prime; text_font=\u00a0\u00bbBarlow|300|||||||\u00a0\u00bb text_text_color=\u00a0\u00bb#000000&Prime; text_font_size=\u00a0\u00bb16px\u00a0\u00bb custom_margin=\u00a0\u00bb||-3px|||\u00a0\u00bb custom_padding=\u00a0\u00bb||25px|||\u00a0\u00bb inline_fonts=\u00a0\u00bbRubik\u00a0\u00bb global_colors_info=\u00a0\u00bb{}\u00a0\u00bb]\n                  <p>\n                    \n                  <\/p>\n                  \n\n                  <h2 class=\"wp-block-heading\">\n                    <strong>POLITIQUE DE CYBERS\u00c9CURIT\u00c9<\/strong>\n                  <\/h2>\n                  \n\n                  <p>Notre politique de s\u00e9curit\u00e9 informatique d\u00e9crit nos lignes directrices et nos dispositions pour pr\u00e9server la s\u00e9curit\u00e9 de nos donn\u00e9es et de notre infrastructure technologique.<\/p>\n                  \n\n                  <p>Les erreurs humaines, les attaques de pirates informatiques et les dysfonctionnements du syst\u00e8me peuvent causer des dommages consid\u00e9rables \u00e0 l&rsquo;entreprise. C&rsquo;est pourquoi nous avons mis en place une politique d&rsquo;entreprise visant \u00e0 minimiser ces risques. Cela a \u00e9t\u00e9 r\u00e9alis\u00e9 lors de l&rsquo;adaptation au r\u00e8glement GDPR, et a \u00e9t\u00e9 encore am\u00e9lior\u00e9 lors de l&rsquo;adaptation \u00e0 la nouvelle directive europ\u00e9enne NIS-2. Tout est document\u00e9 et partag\u00e9 avec les employ\u00e9s et les entreprises ou organisations externes, le cas \u00e9ch\u00e9ant. En outre, la politique GDPR et la politique de cybers\u00e9curit\u00e9 ont \u00e9t\u00e9 publi\u00e9es sur notre site web.<\/p>\n                  \n\n                  <p>L&rsquo;objectif est de rendre l&rsquo;infrastructure num\u00e9rique du terminal stable et s\u00fbre, tout en minimisant les surfaces d&rsquo;attaque. Pour ce faire, nous avons mis en place de nombreux services de s\u00e9curit\u00e9 fournis par un fournisseur internationalement reconnu, qui nous permet d&rsquo;analyser en profondeur et en temps r\u00e9el l&rsquo;ensemble du trafic r\u00e9seau. En interne, nous avons mis \u00e0 jour presque tous les mat\u00e9riels et logiciels, et optimis\u00e9 la configuration du r\u00e9seau pour minimiser les effets d&rsquo;une attaque. M\u00eame dans ce dernier cas, une strat\u00e9gie de sauvegarde a \u00e9t\u00e9 adopt\u00e9e pour permettre une r\u00e9cup\u00e9ration totale dans toutes les situations possibles. En outre, nous avons d\u00e9fini des instructions op\u00e9rationnelles \u00e0 l&rsquo;intention des employ\u00e9s afin de r\u00e9duire les risques, et l&rsquo;ensemble du personnel a suivi des cours sur la cybers\u00e9curit\u00e9.<\/p>\n                  \n\n                  <p>Cette politique s&rsquo;applique \u00e0 tous nos employ\u00e9s, fournisseurs et \u00e0 toute personne ayant un acc\u00e8s permanent ou temporaire \u00e0 nos syst\u00e8mes mat\u00e9riels et logiciels.<\/p>\n                  \n\n                  <p>Pour tous ceux qui, dans le cadre de leurs activit\u00e9s, ont besoin d&rsquo;acc\u00e9der \u00e0 notre infrastructure, un acte de nomination en tant que responsable du traitement des donn\u00e9es \u00e0 caract\u00e8re personnel a \u00e9t\u00e9 d\u00e9fini et accept\u00e9.<\/p>\n                  \n\n                  <p>Les principaux crit\u00e8res sont d\u00e9finis dans la documentation susmentionn\u00e9e :<\/p>\n                  \n\n                  <ul>\n                    \n\n                    <li>Le traitement des donn\u00e9es \u00e0 caract\u00e8re personnel<\/li>\n                    \n\n                    <li>Le traitement des donn\u00e9es des entreprises<\/li>\n                    \n\n                    <li>L&rsquo;utilisation des appareils attribu\u00e9s, tels que les ordinateurs de bureau, les ordinateurs portables et les smartphones.<\/li>\n                    \n\n                    <li>L&rsquo;utilisation du r\u00e9seau de l&rsquo;entreprise<\/li>\n                    \n\n                    <li>La gestion des identifiants d&rsquo;acc\u00e8s aux diff\u00e9rents environnements<\/li>\n                    \n\n                    <li>Gestion des courriels<\/li>\n                    \n\n                    <li>Gestion des situations li\u00e9es \u00e0 des logiciels malveillants ou \u00e0 des tentatives de fraude<\/li>\n                    \n\n                  <\/ul>\n                  \n\n                  <p>Il pr\u00e9cise \u00e9galement les outils et les configurations adopt\u00e9s pour la s\u00e9curit\u00e9, tant au niveau du r\u00e9seau que de la sauvegarde. En particulier, l&rsquo;analyse des risques a fait appara\u00eetre un risque moyen-faible que nous consid\u00e9rons comme acceptable par rapport \u00e0 notre r\u00e9alit\u00e9. N\u00e9anmoins, nous avons planifi\u00e9 les interventions n\u00e9cessaires dans les ann\u00e9es \u00e0 venir pour att\u00e9nuer les aspects critiques qui sont apparus, dans le but de parvenir \u00e0 un risque faible. Nous pr\u00e9voyons \u00e9galement une formation plus sp\u00e9cifique sur notre r\u00e9alit\u00e9 pour tous les employ\u00e9s.<\/p>\n                  \n\n                  <p>\n                    \n                  <\/p>\n                [\/et_pb_text]\n              [\/et_pb_column]\n            [\/et_pb_row]\n          [\/et_pb_section]\n        ","protected":false},"excerpt":{"rendered":"<p>POLITIQUE DE CYBERS\u00c9CURIT\u00c9 Notre politique de s\u00e9curit\u00e9 informatique d\u00e9crit nos lignes directrices et nos dispositions pour pr\u00e9server la s\u00e9curit\u00e9 de nos donn\u00e9es et de notre infrastructure technologique. Les erreurs humaines, les attaques de pirates informatiques et les dysfonctionnements du syst\u00e8me peuvent causer des dommages consid\u00e9rables \u00e0 l&rsquo;entreprise. C&rsquo;est pourquoi nous avons mis en place une [&hellip;]<\/p>\n","protected":false},"author":3,"featured_media":0,"parent":0,"menu_order":0,"comment_status":"closed","ping_status":"open","template":"","meta":{"_acf_changed":false,"_et_pb_use_builder":"on","_et_pb_old_content":"","_et_gb_content_width":"","footnotes":""},"class_list":["post-16333","page","type-page","status-publish","hentry"],"acf":[],"_links":{"self":[{"href":"https:\/\/cuneoairport.com\/fr\/wp-json\/wp\/v2\/pages\/16333","targetHints":{"allow":["GET"]}}],"collection":[{"href":"https:\/\/cuneoairport.com\/fr\/wp-json\/wp\/v2\/pages"}],"about":[{"href":"https:\/\/cuneoairport.com\/fr\/wp-json\/wp\/v2\/types\/page"}],"author":[{"embeddable":true,"href":"https:\/\/cuneoairport.com\/fr\/wp-json\/wp\/v2\/users\/3"}],"replies":[{"embeddable":true,"href":"https:\/\/cuneoairport.com\/fr\/wp-json\/wp\/v2\/comments?post=16333"}],"version-history":[{"count":0,"href":"https:\/\/cuneoairport.com\/fr\/wp-json\/wp\/v2\/pages\/16333\/revisions"}],"wp:attachment":[{"href":"https:\/\/cuneoairport.com\/fr\/wp-json\/wp\/v2\/media?parent=16333"}],"curies":[{"name":"wp","href":"https:\/\/api.w.org\/{rel}","templated":true}]}}

Politique de cybersécurité

[et_pb_section fb_built= »1&Prime; _builder_version= »3.22&Prime; global_colors_info= »{} »]
            [et_pb_row _builder_version= »3.25&Prime; background_size= »initial » background_position= »top_left » background_repeat= »repeat » custom_padding= »8px||||| » global_colors_info= »{} »]
              [et_pb_column type= »4_4&Prime; _builder_version= »3.25&Prime; custom_padding= »||| » global_colors_info= »{} » custom_padding__hover= »||| »]
                [et_pb_text _builder_version= »4.14.3&Prime; text_font= »Barlow|300||||||| » text_text_color= »#000000&Prime; text_font_size= »16px » custom_margin= »||-3px||| » custom_padding= »||25px||| » inline_fonts= »Rubik » global_colors_info= »{} »]
                  <p>
                    
                  </p>
                  

                  <h2 class="wp-block-heading">
                    <strong>POLITIQUE DE CYBERSÉCURITÉ</strong>
                  </h2>
                  

                  <p>Notre politique de sécurité informatique décrit nos lignes directrices et nos dispositions pour préserver la sécurité de nos données et de notre infrastructure technologique.</p>
                  

                  <p>Les erreurs humaines, les attaques de pirates informatiques et les dysfonctionnements du système peuvent causer des dommages considérables à l&rsquo;entreprise. C&rsquo;est pourquoi nous avons mis en place une politique d&rsquo;entreprise visant à minimiser ces risques. Cela a été réalisé lors de l&rsquo;adaptation au règlement GDPR, et a été encore amélioré lors de l&rsquo;adaptation à la nouvelle directive européenne NIS-2. Tout est documenté et partagé avec les employés et les entreprises ou organisations externes, le cas échéant. En outre, la politique GDPR et la politique de cybersécurité ont été publiées sur notre site web.</p>
                  

                  <p>L&rsquo;objectif est de rendre l&rsquo;infrastructure numérique du terminal stable et sûre, tout en minimisant les surfaces d&rsquo;attaque. Pour ce faire, nous avons mis en place de nombreux services de sécurité fournis par un fournisseur internationalement reconnu, qui nous permet d&rsquo;analyser en profondeur et en temps réel l&rsquo;ensemble du trafic réseau. En interne, nous avons mis à jour presque tous les matériels et logiciels, et optimisé la configuration du réseau pour minimiser les effets d&rsquo;une attaque. Même dans ce dernier cas, une stratégie de sauvegarde a été adoptée pour permettre une récupération totale dans toutes les situations possibles. En outre, nous avons défini des instructions opérationnelles à l&rsquo;intention des employés afin de réduire les risques, et l&rsquo;ensemble du personnel a suivi des cours sur la cybersécurité.</p>
                  

                  <p>Cette politique s&rsquo;applique à tous nos employés, fournisseurs et à toute personne ayant un accès permanent ou temporaire à nos systèmes matériels et logiciels.</p>
                  

                  <p>Pour tous ceux qui, dans le cadre de leurs activités, ont besoin d&rsquo;accéder à notre infrastructure, un acte de nomination en tant que responsable du traitement des données à caractère personnel a été défini et accepté.</p>
                  

                  <p>Les principaux critères sont définis dans la documentation susmentionnée :</p>
                  

                  <ul>
                    

                    <li>Le traitement des données à caractère personnel</li>
                    

                    <li>Le traitement des données des entreprises</li>
                    

                    <li>L&rsquo;utilisation des appareils attribués, tels que les ordinateurs de bureau, les ordinateurs portables et les smartphones.</li>
                    

                    <li>L&rsquo;utilisation du réseau de l&rsquo;entreprise</li>
                    

                    <li>La gestion des identifiants d&rsquo;accès aux différents environnements</li>
                    

                    <li>Gestion des courriels</li>
                    

                    <li>Gestion des situations liées à des logiciels malveillants ou à des tentatives de fraude</li>
                    

                  </ul>
                  

                  <p>Il précise également les outils et les configurations adoptés pour la sécurité, tant au niveau du réseau que de la sauvegarde. En particulier, l&rsquo;analyse des risques a fait apparaître un risque moyen-faible que nous considérons comme acceptable par rapport à notre réalité. Néanmoins, nous avons planifié les interventions nécessaires dans les années à venir pour atténuer les aspects critiques qui sont apparus, dans le but de parvenir à un risque faible. Nous prévoyons également une formation plus spécifique sur notre réalité pour tous les employés.</p>
                  

                  <p>
                    
                  </p>
                [/et_pb_text]
              [/et_pb_column]
            [/et_pb_row]
          [/et_pb_section]

<p>POLITIQUE DE CYBERSÉCURITÉ Notre politique de sécurité informatique décrit nos lignes directrices et nos dispositions pour préserver la sécurité de nos données et de notre infrastructure technologique. Les erreurs humaines, les attaques de pirates informatiques et les dysfonctionnements du système peuvent causer des dommages considérables à l&rsquo;entreprise. C&rsquo;est pourquoi nous avons mis en place une [&hellip;]</p>
